it of 962?
9
What is the thousands digit of 2277?
2
What is the units digit of 1340?
0
What is the thousands digit of 2665?
2
What is the units digit of 8406?
6
What is the units digit of 105?
5
What is the tens digit of 3282?
8
What is the thousands digit of 74552?
4
What is the thousands digit of 9118?
9
What is the units digit of 2004?
4
What is the hundreds digit of 3621?
6
What is the tens digit of 8219?
1
What is the tens digit of 16970?
7
What is the units digit of 2448?
8
What is the tens digit of 10757?
5
What is the thousands digit of 9323?
9
What is the tens digit of 27656?
5
What is the units digit of 30572?
2
What is the units digit of 24217?
7
What is the tens digit of 1126?
2
What is the units digit of 32511?
1
What is the hundreds digit of 2508?
5
What is the units digit of 1196?
6
What is the units digit of 43053?
3
What is the tens digit of 26137?
3
What is the tens digit of 5003?
0
What is the hundreds digit of 3333?
3
What is the tens digit of 59829?
2
What is the units digit of 122711?
1
What is the units digit of 71439?
9
What is the thousands digit of 14398?
4
What is the thousands digit of 1515?
1
What is the ten thousands digit of 35720?
3
What is the units digit of 3369?
9
What is the units digit of 5610?
0
What is the units digit of 2039?
9
What is the tens digit of 666?
6
What is the units digit of 55133?
3
What is the units digit of 1659?
9
What is the units digit of 15285?
5
What is the units digit of 1185?
5
What is the units digit of 1059?
9
What is the tens digit of 1965?
6
What is the units digit of 1671?
1
What is the units digit of 380?
0
What is the tens digit of 10228?
2
What is the ten thousands digit of 26329?
2
What is the units digit of 60508?
8
What is the thousands digit of 10450?
0
What is the units digit of 324?
4
What is the hundreds digit of 7420?
4
What is the tens digit of 32716?
1
What is the hundreds digit of 18774?
7
What is the ten thousands digit of 50191?
5
What is the hundreds digit of 2935?
9
What is the hundreds digit of 2591?
5
What is the hundreds digit of 59113?
1
What is the units digit of 15708?
8
What is the hundreds digit of 9739?
7
What is the units digit of 1383?
3
What is the units digit of 23872?
2
What is the tens digit of 51095?
9
What is the thousands digit of 118683?
8
What is the hundreds digit of 10933?
9
What is the thousands digit of 60667?
0
What is the units digit of 3399?
9
What is the hundreds digit of 10405?
4
What is the units digit of 821?
1
What is the hundreds digit of 1601?
6
What is the units digit of 4513?
3
What is the units digit of 3479?
9
What is the thousands digit of 2013?
2
What is the tens digit of 2932?
3
What is the units digit of 1454?
4
What is the tens digit of 1212?
1
What is the hundreds digit of 403?
4
What is the thousands digit of 36897?
6
What is the thousands digit of 21962?
1
What is the thousands digit of 2488?
2
What is the hundreds digit of 142?
1
What is the units digit of 26622?
2
What is the tens digit of 14944?
4
What is the thousands digit of 1611?
1
What is the tens digit of 69695?
9
What is the hundreds digit of 2955?
9
What is the thousands digit of 1476?
1
What is the hundreds digit of 1229?
2
What is the units digit of 1041?
1
What is the hundreds digit of 2330?
3
What is the units digit of 806?
6
What is the thousands digit of 114074?
4
What is the units digit of 70095?
5
What is the thousands digit of 6223?
6
What is the hundreds digit of 3575?
5
What is the thousands digit of 31623?
1
What is the hundreds digit of 1018?
0
What is the hundreds digit of 7977?
9
What is the units digit of 28?
8
What is the tens digit of 78040?
4
What is the ten thousands digit of 14404?
1
What is the hundreds digit of 1646?
6
What is the units digit of 414?
4
What is the ten thousands digit of 15914?
1
What is the thousands digit of 62265?
2
What is the hundreds digit of 6429?
4
What is the tens digit of 1390?
9
What is the tens digit of 3356?
5
What is the units digit of 5631?
1
What is the tens digit of 17675?
7
What is the hundreds digit of 10335?
3
What is the ten thousands digit of 12975?
1
What is the thousands digit of 7182?
7
What is the tens digit of 1838?
3
What is the units digit of 15783?
3
What is the units digit of 1052?
2
What is the hundreds digit of 815?
8
What is the units digit of 936?
6
What is the thousands digit of 35288?
5
What is the tens digit of 1336?
3
What is the ten thousands digit of 123595?
2
What is the hundreds digit of 53790?
7
What is the hundreds digit of 874?
8
What is the hundreds digit of 32867?
8
What is the tens digit of 68558?
5
What is the units digit of 261?
1
What is the hundreds digit of 7953?
9
What is the hundreds digit of 1522?
5
What is the hundreds digit of 43358?
3
What is the units digit of 12167?
7
What is the units digit of 916?
6
What is the units digit of 2156?
6
What is the ten thousands digit of 91911?
9
What is the hundreds digit of 69911?
9
What is the units digit of 58?
8
What is the hundreds digit of 46515?
5
What is the tens digit of 98794?
9
What is the tens digit of 3791?
9
What is the thousands digit of 4133?
4
What is the thousands digit of 28488?
8
What is the hundreds digit of 7507?
5
What is the ten thousands digit of 19557?
1
What is the tens digit of 1465?
6
What is the ten thousands digit of 13381?
1
What is the tens digit of 818?
1
What is the units digit of 3377?
7
What is the hundreds digit of 2554?
5
What is the tens digit of 155867?
6
What is the tens digit of 21965?
6
What is the ten thousands digit of 16751?
1
What is the tens digit of 7569?
6
What is the units digit of 124?
4
What is the thousands digit of 83683?
3
What is the units digit of 950?
0
What is the ten thousands digit of 60413?
6
What is the hundreds digit of 845?
8
What is the thousands digit of 8037?
8
What is the hundreds digit of 801?
8
What is the units digit of 3470?
0
What is the ten thousands digit of 47599?
4
What is the tens digit of 104398?
9
What is the units digit of 598?
8
What is the hundreds digit of 982?
9
What is the ten thousands digit of 154054?
5
What is the units digit of 3297?
7
What is the thousands digit of 159224?
9
What is the tens digit of 16009?
0
What is the units digit of 1737?
7
What is the ten thousands digit of 45242?
4
What is the hundreds digit of 1418?
4
What is the hundreds digit of 2810?
8
What is the thousands digit of 1355?
1
What is the hundreds digit of 734?
7
What is the tens digit of 15016?
1
What is the units digit of 63143?
3
What is the tens digit of 2570?
7
What is the thousands digit of 6042?
6
What is the units digit of 8729?
9
What is the tens digit of 510?
1
What is the units digit of 1617?
7
What is the hundreds digit of 14076?
0
What is the ten thousands digit of 63154?
6
What is the units digit of 8363?
3
What is the units digit of 19939?
9
What is the ten thousands digit of 69532?
6
What is the hundreds digit of 14608?
6
What is the tens digit of 8783?
8
What is the tens digit of 719?
1
What is the units digit of 443?
3
What is the hundreds digit of 11210?
2
What is the thousands digit of 9204?
9
What is the tens digit of 442?
4
What is the hundred thousands digit of 105964?
1
What is the tens digit of 975?
7
What is the hundreds digit of 200?
2
What is the tens digit of 79510?
1
What is the units digit of 244?
4
What is the tens digit of 685?
8
What is the tens digit of 2304?
0
What is the units digit of 6869?
9
What is the units digit of 259?
9
What is the thousands digit of 43376?
3
What is the tens digit of 1484?
8
What is the hundreds digit of 2010?
0
What is the thousands digit of 1528?
1
What is the units digit of 10364?
4
What is the tens digit of 3312?
1
What is the tens digit of 14490?
9
What is the units digit of 1736?
6
What is the hundreds digit of 1835?
8
What is the ten thousands digit of 34222?
3
What is the hundreds digit of 2288?
2
What is the tens digit of 7903?
0
What is the hundreds digit of 5553?
5
What is the tens digit of 702?
0
What is the thousands digit of 57428?
7
What is the hundreds digit of 772?
7
What is the ten thousands digit of 15732?
1
What is the hundreds digit of 5089?
0
What is the ten thousands digit of 47181?
4
What is the thousands digit of 4205?
4
What is the tens digit of 4293?
9
What is the 